 factors of (-1995)/(-38)*(-172)/(-6)?
5, 7, 43
Suppose -6*a + 1801 = -743. List the prime factors of a.
2, 53
Let j = -1468 - -2192. List the prime factors of j.
2, 181
Let i = -20 + 24. Suppose 4*j + 3*c - 985 = -j, -i*j - c + 781 = 0. What are the prime factors of j?
2, 97
Suppose 0 = 2*m + 2*n + 14, -m + 3*n = m - 1. Let q be (1 + 0)/1 + m. What are the prime factors of ((-22)/q)/(8/12)?
11
Suppose 0 = 5*f + 3*d - 2*d - 287, -3*d - 299 = -5*f. What are the prime factors of f?
2, 29
Suppose 8*t = 5*t. Let o = 0 + t. Suppose o = -r + 1 + 2. List the prime factors of r.
3
Let y be 3/((-3)/(-59)) - -1. Let d be 1 - -7 - (-9)/(-18)*-4. Suppose 0 = -5*l - d, -l - l = -2*a + y. List the prime factors of a.
2, 7
Let c(i) = 47*i**3 - 2*i**2 + 2*i - 1. Let h = -10 + 11. Let f be c(h). Let y = f - 22. What are the prime factors of y?
2, 3
Suppose 3*c - 781 = 50. What are the prime factors of c?
277
Suppose -h + 0*h = -5*i - 210, -2*h = 2*i - 408. What are the prime factors of h?
5, 41
Let m(p) = 7*p**3 + 2*p**2 + 4*p - 5. Let u(s) = -s**3. Let t(i) = m(i) - 3*u(i). List the prime factors of t(2).
7, 13
Let h(z) = z**2 + 4*z + 10. Let t = 83 + -72. List the prime factors of h(t).
5, 7
Suppose 4*v = 2*q + 2*v - 1002, -q + 503 = v. List the prime factors of q.
2, 251
Suppose -8*x + 7*x - 116 = 0. Let d = x + 163. List the prime factors of d.
47
Let u be (9 - 3)*(0 + (-820)/(-6)). Suppose 5*o = -3*t + 1025, 8*o - t - u = 4*o. What are the prime factors of o?
5, 41
What are the prime factors of -22*1*((-1989)/18 + 9)?
7, 11, 29
Let x = -21 + 24. What are the prime factors of 3 - x - 5 - -214?
11, 19
Let j(t) = 5*t**2 + 45*t - 9. List the prime factors of j(-14).
11, 31
Let n(c) = 2*c + 3*c + 0 - 2*c + 9. Let q be n(4). Let d = q - -2. What are the prime factors of d?
23
Suppose 0 = -27*v + 49*v - 572. Suppose -26 = -2*x - p + 5*p, -5*x + p = -29. Suppose -x*f = -64 - v. What are the prime factors of f?
2, 3
Let s(g) = -3*g**2 - g - 17. Let f(x) = 16*x**2 + 4*x + 85. Let p(a) = -2*f(a) - 11*s(a). What are the prime factors of p(-9)?
71
Let h be ((-12)/(-9))/(4/18). Let j(m) = 6*m + 2*m - h - 10*m + 2*m**2. What are the prime factors of j(-4)?
2, 17
Suppose 51*f + 21286 = 62698. List the prime factors of f.
2, 7, 29
What are the prime factors of (-2 - (-27)/12) + (-225820)/(-80)?
3, 941
Let i(q) = 19*q**2 - 13*q - 41. What are the prime factors of i(-7)?
3, 109
Suppose 4*q + 16 = 2*v + 2*v, -4*v = -2*q - 12. Suppose -425 = -0*a - 5*a - 5*n, 4*a = -v*n + 342. What are the prime factors of a?
2, 43
Suppose 31 = b + 5*a, 3*a + a - 2 = 3*b. Let v(k) = k**3 - 2*k**2 - 5*k + 4. List the prime factors of v(b).
2, 59
Let p(x) = x**2 - 4*x + 6. Let t(q) = -q**3 - 5*q**2 - 5*q - 3. Let u be t(-3). Let v be p(u). Let h = v - 45. What are the prime factors of h?
3, 7
Let q(i) = i**3 - 4*i**2 - 2*i - 14. Let h be (-43)/(-7) + (-14)/98. What are the prime factors of q(h)?
2, 23
Let g(n) = n**3 + 5*n**2 + 3*n - 4. Let h be g(-4). Suppose h = -4*o + 925 + 5435. What are the prime factors of 1/4 - o/(-40)?
2, 5
Let w(y) = -y**2 + 9*y. Let t be w(9). Let k(c) = -4*c + 5*c + t*c**3 - 1 + 13*c**2 - c**3 - 4*c**2. What are the prime factors of k(9)?
2
Let x = -361 + 185. Let z = x + 314. List the prime factors of z.
2, 3, 23
Let y be 34/4*(-8)/(-4)*7. Let s = 206 - y. What are the prime factors of s?
3, 29
Let m(b) = -131*b + 16. Suppose 12*r = 6*r - 12. What are the prime factors of m(r)?
2, 139
Suppose 0 = -4*j + 5*x + 1376, 5*j + 4*x + 324 = 2044. List the prime factors of j.
2, 43
Let c = -209 + 207. Let r be 3/(18/(-4))*-3. What are the prime factors of (c - 50/(-2)) + r?
5
Suppose 51 - 1 = 2*u. Let j = 157 - u. List the prime factors of j.
2, 3, 11
Let h = -44 + 47. Suppose h*q = 216 - 75. List the prime factors of q.
47
Let d(s) = 71*s**2 + 4*s - 7. List the prime factors of d(-4).
3, 7, 53
What are the prime factors of (-1)/3*-5276 - 24/36?
2, 3, 293
Let t(a) = 2*a - 5. Let o(z) = z**2 - 5*z - 11. Let g be o(9). Suppose -4*l + g = n, -5 = 3*n - 5*l + 5. What are the prime factors of t(n)?
5
Let v(b) = 60*b - 31. List the prime factors of v(11).
17, 37
Let u(r) = -r**3 + 3*r**2 + 2*r. Let l be u(3). Suppose -l*z + 33 = -5*z. List the prime factors of z.
3, 11
Suppose -4322 = -4*v - 4*z + 2102, v + 5*z = 1594. List the prime factors of v.
1609
Let f(q) = -q. Let x be f(-5). Suppose -5*b - 2*g = -59 - 116, x*g - 91 = -2*b. Suppose -2*l - l = -b. List the prime factors of l.
11
List the prime factors of (2 - 24/(-16))/((-4)/(-1432)).
7, 179
Let r = -12 + 13. Let u(n) = -4*n**2 + 11*n - 5. Let v(a) = a**2 + a. Let g(k) = r*u(k) + 3*v(k). List the prime factors of g(11).
2, 7
Let p = -47 + 52. Suppose 0 = -4*r + 16, 0 = p*s + r + 2 - 646. What are the prime factors of s?
2
Suppose 30*y - 38*y + 152 = 0. What are the prime factors of y?
19
Let i(p) be the second derivative of p**5/30 - 3*p**4/8 + p**3/6 + 7*p**2/2 + 3*p. Let z(t) be the first derivative of i(t). What are the prime factors of z(7)?
2, 3
Let c = 372 + 124. What are the prime factors of c?
2, 31
Let g = 77 - 79. What are the prime factors of g/7 - (-210)/49?
2
Let k(o) = 8 + 3*o**2 + 5*o - 16 - 10. What are the prime factors of k(-7)?
2, 47
Suppose -2*h + 180 = -5*k + 6*k, -4*k + 3*h = -764. List the prime factors of k.
2, 47
Let g(l) = -l**2 - 7*l + 7. Let i be g(-7). Suppose -60 = i*d - 508. What are the prime factors of d?
2
Let r be 2/(-6) - 70/(-30). Suppose 90 = d + o - 2*o, 5*d - 422 = -r*o. List the prime factors of d.
2, 43
Let h = -104 - -312. List the prime factors of h.
2, 13
Let v(s) = -s**3 - 2*s**2 + s + 4. Let r be v(0). Suppose 296 = r*n - 3*m, -3*n + 2*m = -m - 225. List the prime factors of n.
71
Suppose 3*j + 4*u = 44 + 168, -4*j - u = -261. Let k = j - -58. List the prime factors of k.
2, 61
Let r be (-166)/6 + 8/12. Let h be r/18 - (-23)/(-2). List the prime factors of 3 + 0 + -5 - h.
11
Let z = 1405 - 144. What are the prime factors of z?
13, 97
Let i(v) = 9*v**3 + 2*v**2 - 2*v + 1. Suppose 7 = -n + 8. Let h be i(n). Suppose b = 3*k - 47, 7*b - 2*b + h = 0. What are the prime factors of k?
3, 5
Let q(a) = a**3 - 10*a**2 + 10*a - 6. Let m be q(9). Suppose -m*g + 1068 = 204. Suppose g + 66 = 6*v. What are the prime factors of v?
59
List the prime factors of 54750/350 + (-1)/7*-4.
157
Let m be (-3 - 1) + 110 + 4 + 1. Suppose -2*u + 323 = -m. What are the prime factors of u?
7, 31
What are the prime factors of 337 - -5*(-2 - -1)?
2, 83
Suppose 4*x = h - 1085, -5*x + 287 = -2*h + 2451. What are the prime factors of h?
3, 359
Let w(m) be the first derivative of -m**3/3 + 25*m**2/2 - 2*m + 40. What are the prime factors of w(15)?
2, 37
Suppose -5*y - 25 = -4805. Suppose 4*z = -5*c + y, 5*c - 764 = -5*z + 191. List the prime factors of c.
2, 3
Suppose 0 = 2*z + 208 - 236. Let i = z + 59. What are the prime factors of i?
73
Let v = -6 + 8. Suppose -v*y + 87 = -157. What are the prime factors of y?
2, 61
Let a(y) = -6*y**3 - 9*y + 5. Let k be (-4)/(-1) - -3 - 2. Let m(h) = -7*h**3 - h**2 - 10*h + 5. Let p(n) = k*m(n) - 6*a(n). List the prime factors of p(5).
3, 5
Suppose 5 - 3 = -c. What are the prime factors of (-4)/(4/123)*(c - -1)?
3, 41
Let p = 25 - 25. Suppose -7*g + 12 - 47 = p. Let v(r) = r**2 + 3*r + 8. List the prime factors of v(g).
2, 3
What are the prime factors of ((-3480)/(-2 - 4) - -4) + 4?
2, 3, 7
Suppose -14253 = -4*a + 3*h, -a + 3*h + 3572 = 4*h. What are the prime factors of a?
3, 29, 41
Suppose 3*d = -f + 982, -3*f + 4 = -2*f. What are the prime factors of d?
2, 163
Let c(d) = -276*d - 232. What are the prime factors of c(-9)?
2, 563
Suppose -11*u + 9*u + 13 = -n, 25 = 5*u - 4*n. List the prime factors of u.
3
Suppose 17*h = 21357 + 9566. What are the prime factors of h?
17, 107
Let t be (-1)/(1/(-2))*1. Suppose c - q - t*q - 43 = 0, -4*c - 3*q = -157. List the prime factors of c.
2, 5
Suppose 0*u + 2 = u. Suppose 3*d - 5*v = -0*v - 48, u*d + 2*v + 32 = 0. List the prime factors of d/(-40)*2*15.
2, 3
Let y(b) = 6*b + 2 + 0 - 6*b**2 + 0*b**3 - b**3. Suppose 21*r - 20*r = -7. What are the prime factors of y(r)?
3
Suppose o + 4*h = -24, 4*o - h + 10 + 1 = 0. What are the prime factors of (-856)/o - (3 + 0 - 3)?
2, 107
Let d(m) = -255*m - 22. List the prime factors of d(-2).
2, 6